actors of 2/(-4)*(-110288 + 650).
3, 6091
List the prime factors of ((8/6)/(35/31983))/((-1)/(-25)).
2, 5, 1523
Suppose u + 2*i = 8, 3*i = 2*u + 5*i - 10. Let y be -2 + 1 + (-3)/(-1). Suppose 1200 = 5*f + y*s - 7*s, -5*f - u*s + 1179 = 0. What are the prime factors of f?
3, 79
Suppose c + 17 = 4*q, -36*q = 4*c - 34*q - 22. Suppose 0 = 4*f - 3*v - 883, -5*f - 158 = c*v - 1228. List the prime factors of f.
7, 31
Suppose 3*z - 2*z = -5, 3*z + 245 = -2*q. Let n = 811 - q. What are the prime factors of n?
2, 463
Let f(v) = 136*v**2 - 288*v + 12. What are the prime factors of f(7)?
2, 5, 233
Suppose 0 = 3*h + 3*q - 9, 5*h - q + 3 = 3*h. Suppose h = -b - 57 + 424. What are the prime factors of b?
367
Let q = 370 - 370. Suppose q = 25*c - 20*c - 1285. What are the prime factors of c?
257
Let v(p) = 33*p**2 + 7*p - 64. Let i be v(7). Let k(z) = -15*z**2 - 9 + i*z**3 + 8*z + 7*z - 1601*z**3. What are the prime factors of k(15)?
2, 3
Suppose 0 = 2*p + 2*b - 34978, -p + 2*b + 21924 = 4432. List the prime factors of p.
2, 3, 5, 11, 53
Suppose 3*v - 3*x = -450 + 1719, -3*x = 0. Suppose -101*l + v = -100*l. List the prime factors of l.
3, 47
Let b(i) = i**2 - 21*i - 18. Let h be b(22). List the prime factors of h*(-1182)/(-48)*2.
197
Let w be (45/6)/(-4*(-6)/23328). Suppose w = 247*f - 238*f. List the prime factors of f.
2, 3, 5
Suppose 3*l = -l + 32. Suppose -78*o - 3 = -75*o, 9 = y - 5*o. Suppose l = 4*s, -3*v = -s + y*s - 105. List the prime factors of v.
3, 11
Suppose 3*t - 3*l - 14097 = 0, -4*l = 2*t - 681 - 8753. List the prime factors of t.
5, 941
Let p(d) = -20*d - 23. Let t be p(4). Let x = 25 - t. List the prime factors of (-1725)/(-8) + 48/x.
2, 3
Let c(l) = -5*l + 18. Let d(i) = 5*i - 17. Let b(o) = 5*c(o) + 6*d(o). Let h be b(4). Suppose 45 = h*u - 595. What are the prime factors of u?
2, 5
Let g = 1940 - -3184. List the prime factors of g.
2, 3, 7, 61
Let a(l) = 2*l**2 - 13*l + 10. Let y be a(6). Let p(n) = -n**3 + 4*n**2 + 3*n - 10. Let w be p(y). Suppose -w = -d + 115. What are the prime factors of d?
3, 13
Let o = 702 + -172. Let a(b) = -6*b + 8. Let v be a(1). Suppose 0 = v*l + 6 + 2, -4*l + o = 3*y. What are the prime factors of y?
2, 7, 13
Suppose 21*w = 59233 + 4962 + 104330. What are the prime factors of w?
3, 5, 107
Let x = -261 - -369. Suppose -2*z = -7 - 1, 3*b - 988 = 2*z. Suppose -4*j = -b + x. List the prime factors of j.
2, 7
Suppose -68*l + 64*l = -12. Let r be (75/(15/l))/1. Suppose -r = 3*w, -613 = -3*y + 5*w + 45. List the prime factors of y.
211
Let z = -2031 + 4004. What are the prime factors of z?
1973
Let d be -1 - ((-10)/15)/((-6)/27). Let a(h) = -11*h**3 - 3*h**2 + 8*h. Let m be a(d). Suppose 0 = -8*z - 0*z + m. What are the prime factors of z?
2, 3, 13
Let c(m) be the first derivative of 5*m**3 + m**2 + m + 9. Let d = 52 + -53. What are the prime factors of c(d)?
2, 7
Let d be ((28/8)/7)/((-4)/(-1688)). Let u = d + -86. Let r = u - 64. List the prime factors of r.
61
Let i = -16 - -11. List the prime factors of 8 + i + 999/3.
2, 3, 7
Let u(t) = -t**3 + t + 1. Let w(z) = -18*z - 7*z + 35*z - 7*z**3 + 4 + 4*z**2. Let h(c) = 6*u(c) - w(c). What are the prime factors of h(7)?
11
Suppose -3*h - 43526 = -4*x, -4*x + 455*h - 454*h + 43530 = 0. What are the prime factors of x?
10883
Let d be 15/5 + (1 - -2). Let h(q) = 9*q + 2*q**2 - q - 3 - 11*q. What are the prime factors of h(d)?
3, 17
Let l(o) = 10*o - 8. Let c be l(2). Suppose c*a - 3088 = 4*a. List the prime factors of a.
2, 193
Let u = 11177 - -22062. What are the prime factors of u?
43, 773
Let l(i) = -31*i - 1 + 5*i**3 + 0*i**3 + 20*i**2 + i**3 + 9 - 7*i**3. List the prime factors of l(15).
2, 167
Suppose 38*l = 42*l + 24, 74192 = 5*z - 2*l. What are the prime factors of z?
2, 3709
What are the prime factors of 24/56 + 208905/105?
2, 5, 199
Let l(a) = a**2 - 5*a - 1. Let t be l(6). Suppose -2*o + t*o = 249. Suppose 4*p + o = k + 3*p, -4*p + 88 = k. List the prime factors of k.
2, 3, 7
Let j(q) = -72*q**3 + 17*q**2 + 13*q + 5. List the prime factors of j(-5).
5, 1873
Let a(h) = 1052*h + 1788. List the prime factors of a(6).
2, 3, 5
Suppose -156 + 161 = m. Suppose -2664 = -4*a - m*a. List the prime factors of a.
2, 37
Suppose 2*c + 24*c = 1071023 - 109543. What are the prime factors of c?
2, 5, 43
Suppose -4*a = -4*o - 48, 5*a + 3*o - 48 = a. Let j be a/15 - ((-439)/(-5) + 1). Let r = 250 + j. List the prime factors of r.
2, 3
Let m = -373 - -365. What are the prime factors of 4 - (m - -7)*643?
647
What are the prime factors of (-68378)/(-6) + (0 - 4)/12?
2, 7, 11, 37
Suppose 0 = -11*r + 55 - 0. Suppose -q = r*q - 3*q. List the prime factors of (-1 - q)*-5 + 128.
7, 19
Suppose 3654*h - 6918 = 3652*h. List the prime factors of h.
3, 1153
Suppose 2*u + 5*u = 126. Let l be (u + -18)/(3 + -1). Suppose -5*p - 2*x + 131 = l, 0*x = -p - 3*x + 21. List the prime factors of p.
3
Let z be 50/15 + (-2)/(-3). Let b be 5/(1 - (z + -4)). Suppose -3*l + b*m = -689, -3*l + m = -2*m - 687. What are the prime factors of l?
2, 3, 19
Suppose 737*s - 4374600 = 437*s. What are the prime factors of s?
2, 23, 317
Suppose -3*k = -8*k - 4*l + 23338, l = 5*k - 23353. What are the prime factors of k?
2, 5, 467
Let y(t) = -3*t**2 + 2. Let s be y(1). List the prime factors of ((-528)/30)/2*(s - 64).
2, 11, 13
Let l(u) = 6*u**3 - 2*u**2 - 4*u + 10. Let n(m) = -m**3 - 6*m**2 + 4*m - 17. Let o be n(-7). List the prime factors of l(o).
2, 173
Let l be ((-2)/(-6))/((-2)/(-30)). Suppose -i = l*p + i - 590, 0 = -4*i - 20. List the prime factors of p.
2, 3, 5
Let o(b) = 13*b - 50. Let i be o(13). Let f = i + -122. List the prime factors of (-24)/(-3) + f + 217.
2, 3, 37
Let a be (-10)/3*(-18)/15. Suppose 0 = -17*q + 22*q - j - 3955, a*q - 3143 = 5*j. List the prime factors of q.
2, 3, 11
Suppose -4*l + 6715 + 11477 = -4*b, 3*l - 5*b = 13632. What are the prime factors of l?
2, 3, 11, 23
Suppose -4*v + 70964 = -114*y + 116*y, 2*v - 4*y - 35452 = 0. What are the prime factors of v?
2, 7, 181
Let r = 974 + 14180. List the prime factors of r.
2, 7577
Suppose -2*q + 6*j + 23866 = 0, 3*q + 6*j - j - 35883 = 0. What are the prime factors of q?
17, 19, 37
Suppose 2*b - 3*b + 99 = 0. Suppose 5*p - 11 = b. Suppose 5*m + 3*q = p, 0 = 2*m - 4*m + 4*q - 12. What are the prime factors of m?
2
Suppose -396 = -c + 3*x, 3*c + 8*x - 1133 = 6*x. Suppose -l = -1228 + c. What are the prime factors of l?
7, 11
Let h(b) = 8575*b**2 - 902*b - 1806. What are the prime factors of h(-2)?
2, 11, 1559
Let f = -26011 + 51125. List the prime factors of f.
2, 29, 433
Let k be ((-2854)/(-24) - 28/42)*12. Let g = k - 732. What are the prime factors of g?
3, 229
Suppose 15502 = 7*y + 73560. List the prime factors of 4*(-9)/84 - y/14.
2, 37
Let c be 34/(-6)*(-22 + -5). Let v = 751 - c. List the prime factors of v.
2, 13, 23
Let g(u) = 5*u**2 + u - 4. Let q be g(2). Suppose -q + 22 = 2*z. Suppose w - 1279 = -4*w - z*i, w + 5*i = 265. What are the prime factors of w?
3, 5, 17
Let d = -6823 - -11455. List the prime factors of d.
2, 3, 193
Let x(c) = -2*c + 128. Let g be (0 - -1 - (-6 - -8))*31. List the prime factors of x(g).
2, 5, 19
Let o = 6 + 23. Suppose 28*n - o*n = -41. Suppose -n = 6*z - 605. List the prime factors of z.
2, 47
Suppose 0 = -h + 6*h + 5. Let s(g) be the first derivative of 79*g**3/3 - 19. List the prime factors of s(h).
79
Suppose 4*p - 26242 = 3998. What are the prime factors of p?
2, 3, 5, 7
What are the prime factors of 46/(-207) - 6734/(-9)?
2, 11, 17
Let l(k) = 5 + 2*k**2 + 9*k**2 + 0*k + 3*k. Suppose -111 = 95*b + 174. What are the prime factors of l(b)?
5, 19
Suppose -30*n + 32*n = d + 25170, 0 = 5*d - 10. What are the prime factors of n?
2, 7, 29, 31
Let l be (9/(-12))/((-51)/16 + 3). Let a(z) = -19*z + 8. Let y be a(-6). Suppose 161 = 3*n + k, -l*n = 5*k - y - 100. List the prime factors of n.
53
Let n be (795/(-30))/(1/2). Let s = 59 + n. Suppose -3*l = -0 - s. List the prime factors of l.
2
Suppose 3*s - 2*s - 112 = 0. Suppose -20 = -5*u + n, -3*n = 4*u - 14 - 2. Suppose -u*x = -0*x - s. List the prime factors of x.
2, 7
Let q(w) = 7*w**2 + 0 + 2 - 5*w + 10*w**2 + 6*w**3 - 20*w**2. Let l be q(3). Suppose -c - j = 12 - 45, -j - l = -4*c. What are the prime factors of c?
31
Let k be 7637/28 - 2/(-8). Let z = -